{"id":109,"date":"2025-03-21T13:24:31","date_gmt":"2025-03-21T12:24:31","guid":{"rendered":"https:\/\/xn--hlsoboken-v2a.se\/lodge\/?page_id=109"},"modified":"2025-03-27T10:25:28","modified_gmt":"2025-03-27T09:25:28","slug":"forbrukningsmaterial","status":"publish","type":"page","link":"https:\/\/xn--hlsoboken-v2a.se\/lodge\/forbrukningsmaterial\/","title":{"rendered":"F\u00f6rbrukningsmaterial"},"content":{"rendered":"\n<div class=\"wp-block-group alignfull is-layout-flow wp-block-group-is-layout-flow\">\n<iframe style=\"width: 100%; min-height: 100vh;\" src=\"https:\/\/opencollective.com\/embed\/bjorkhimlen\/contribute\/backers-85968\/checkout?interval=month&amp;amount=30&amp;contributeAs=me\"><\/iframe>\n<\/div>\n\n\n\n<div class=\"wp-block-columns alignfull is-layout-flex wp-container-core-columns-is-layout-28f84493 wp-block-columns-is-layout-flex\">\n<div class=\"wp-block-column is-layout-flow wp-block-column-is-layout-flow\" style=\"flex-basis:50%\">\n<div class=\"wp-block-cover is-light\" style=\"min-height:600px;aspect-ratio:unset;\"><span aria-hidden=\"true\" class=\"wp-block-cover__background has-background-dim-100 has-background-dim\" style=\"background-color:#f6f6f6\"><\/span><div class=\"wp-block-cover__inner-container is-layout-flow wp-block-cover-is-layout-flow\">\n<figure class=\"wp-block-image aligncenter size-medium\"><img loading=\"lazy\" decoding=\"async\" width=\"300\" height=\"300\" src=\"https:\/\/s3.eu-north-1.amazonaws.com\/halsoboken.se\/wp-content\/uploads\/sites\/18\/2025\/03\/26164627\/Toalettpapper208-pack20-300x300.png\" alt=\"\" class=\"wp-image-116\" srcset=\"https:\/\/s3.eu-north-1.amazonaws.com\/halsoboken.se\/wp-content\/uploads\/sites\/18\/2025\/03\/26164627\/Toalettpapper208-pack20-300x300.png 300w, https:\/\/s3.eu-north-1.amazonaws.com\/halsoboken.se\/wp-content\/uploads\/sites\/18\/2025\/03\/26164627\/Toalettpapper208-pack20-150x150.png 150w, https:\/\/s3.eu-north-1.amazonaws.com\/halsoboken.se\/wp-content\/uploads\/sites\/18\/2025\/03\/26164627\/Toalettpapper208-pack20.png 660w\" sizes=\"auto, (max-width: 300px) 100vw, 300px\" \/><\/figure>\n<\/div><\/div>\n<\/div>\n\n\n\n<div class=\"wp-block-column is-vertically-aligned-center is-layout-flow wp-block-column-is-layout-flow\" style=\"padding-top:1em;padding-right:1em;padding-bottom:1em;padding-left:1em\">\n<div class=\"wp-block-columns is-layout-flex wp-container-core-columns-is-layout-28f84493 wp-block-columns-is-layout-flex\">\n<div class=\"wp-block-column is-layout-flow wp-block-column-is-layout-flow\" style=\"flex-basis:320px\">\n<p class=\"has-small-font-size\" style=\"line-height:1.6\"><strong>Toalettpapper \u00c4nglamark<\/strong><\/p>\n\n\n\n<p class=\"has-small-font-size\" style=\"line-height:1.6\">MATERIAL: 3-lags papper prim\u00e4rt tillverkat av returpappersmassa.<\/p>\n<\/div>\n<\/div>\n<\/div>\n<\/div>\n\n\n\n<div class=\"wp-block-columns alignfull is-layout-flex wp-container-core-columns-is-layout-28f84493 wp-block-columns-is-layout-flex\">\n<div class=\"wp-block-column is-vertically-aligned-center is-layout-flow wp-block-column-is-layout-flow\" style=\"padding-top:1em;padding-right:1em;padding-bottom:1em;padding-left:1em\">\n<div class=\"wp-block-columns is-layout-flex wp-container-core-columns-is-layout-28f84493 wp-block-columns-is-layout-flex\">\n<div class=\"wp-block-column is-layout-flow wp-block-column-is-layout-flow\" style=\"flex-basis:320px\">\n<p class=\"has-small-font-size\" style=\"line-height:1.6\"><strong>\u00c4ttika<\/strong><\/p>\n\n\n\n<p class=\"has-small-font-size\" style=\"line-height:1.6\">Ett allsidigt och naturligt reng\u00f6ringsmedel. Reng\u00f6r, tar bort kalk och bel\u00e4ggningar, neutraliserar d\u00e5lig lukt. Passar lika bra f\u00f6r st\u00e4d och disk som f\u00f6r tv\u00e4tt och tr\u00e4dg\u00e5rd.Kan med f\u00f6rdel kombineras med bikarbonat.<br>\u00a0<br>Flaskan har en barns\u00e4ker kork och \u00e4r tillverkad av biobaserad plast i Sverige.<\/p>\n\n\n\n<pre class=\"wp-block-preformatted\"><strong>K\u00e4lla<\/strong>: <a href=\"https:\/\/www.clasohlson.com\/se\/Attika-12-,-1-liter\/p\/44-4453\">Clas Ohlsson<\/a> |<\/pre>\n<\/div>\n<\/div>\n<\/div>\n\n\n\n<div class=\"wp-block-column is-layout-flow wp-block-column-is-layout-flow\" style=\"flex-basis:50%\">\n<div class=\"wp-block-cover is-light\" style=\"min-height:600px;aspect-ratio:unset;\"><span aria-hidden=\"true\" class=\"wp-block-cover__background has-background-dim-100 has-background-dim\" style=\"background-color:#f6f6f6\"><\/span><div class=\"wp-block-cover__inner-container is-layout-flow wp-block-cover-is-layout-flow\">\n<figure class=\"wp-block-image aligncenter size-medium\"><img loading=\"lazy\" decoding=\"async\" width=\"111\" height=\"300\" src=\"https:\/\/s3.eu-north-1.amazonaws.com\/halsoboken.se\/wp-content\/uploads\/sites\/18\/2025\/03\/26173634\/68528334700574.jpg-111x300.avif\" alt=\"\" class=\"wp-image-119\" srcset=\"https:\/\/s3.eu-north-1.amazonaws.com\/halsoboken.se\/wp-content\/uploads\/sites\/18\/2025\/03\/26173634\/68528334700574.jpg-111x300.avif 111w, https:\/\/s3.eu-north-1.amazonaws.com\/halsoboken.se\/wp-content\/uploads\/sites\/18\/2025\/03\/26173634\/68528334700574.jpg-380x1024.avif 380w, https:\/\/s3.eu-north-1.amazonaws.com\/halsoboken.se\/wp-content\/uploads\/sites\/18\/2025\/03\/26173634\/68528334700574.jpg.avif 445w\" sizes=\"auto, (max-width: 111px) 100vw, 111px\" \/><\/figure>\n<\/div><\/div>\n<\/div>\n<\/div>\n\n\n\n<div class=\"wp-block-columns alignfull is-layout-flex wp-container-core-columns-is-layout-28f84493 wp-block-columns-is-layout-flex\">\n<div class=\"wp-block-column is-layout-flow wp-block-column-is-layout-flow\" style=\"flex-basis:50%\">\n<div class=\"wp-block-cover is-light\" style=\"min-height:600px;aspect-ratio:unset;\"><span aria-hidden=\"true\" class=\"wp-block-cover__background has-background-dim-100 has-background-dim\" style=\"background-color:#f6f6f6\"><\/span><div class=\"wp-block-cover__inner-container is-layout-flow wp-block-cover-is-layout-flow\">\n<figure class=\"wp-block-image aligncenter size-medium\"><img loading=\"lazy\" decoding=\"async\" width=\"300\" height=\"300\" src=\"https:\/\/s3.eu-north-1.amazonaws.com\/halsoboken.se\/wp-content\/uploads\/sites\/18\/2025\/03\/26174123\/Linsapa-Byggfabriken-5-liter-412-105-69b5_1-300x300.jpg\" alt=\"\" class=\"wp-image-124\" srcset=\"https:\/\/s3.eu-north-1.amazonaws.com\/halsoboken.se\/wp-content\/uploads\/sites\/18\/2025\/03\/26174123\/Linsapa-Byggfabriken-5-liter-412-105-69b5_1-300x300.jpg 300w, https:\/\/s3.eu-north-1.amazonaws.com\/halsoboken.se\/wp-content\/uploads\/sites\/18\/2025\/03\/26174123\/Linsapa-Byggfabriken-5-liter-412-105-69b5_1-1024x1024.jpg 1024w, https:\/\/s3.eu-north-1.amazonaws.com\/halsoboken.se\/wp-content\/uploads\/sites\/18\/2025\/03\/26174123\/Linsapa-Byggfabriken-5-liter-412-105-69b5_1-150x150.jpg 150w, https:\/\/s3.eu-north-1.amazonaws.com\/halsoboken.se\/wp-content\/uploads\/sites\/18\/2025\/03\/26174123\/Linsapa-Byggfabriken-5-liter-412-105-69b5_1-768x768.jpg 768w, https:\/\/s3.eu-north-1.amazonaws.com\/halsoboken.se\/wp-content\/uploads\/sites\/18\/2025\/03\/26174123\/Linsapa-Byggfabriken-5-liter-412-105-69b5_1.jpg 1200w\" sizes=\"auto, (max-width: 300px) 100vw, 300px\" \/><\/figure>\n<\/div><\/div>\n<\/div>\n\n\n\n<div class=\"wp-block-column is-vertically-aligned-center is-layout-flow wp-block-column-is-layout-flow\" style=\"padding-top:1em;padding-right:1em;padding-bottom:1em;padding-left:1em\">\n<div class=\"wp-block-columns is-layout-flex wp-container-core-columns-is-layout-28f84493 wp-block-columns-is-layout-flex\">\n<div class=\"wp-block-column is-layout-flow wp-block-column-is-layout-flow\" style=\"flex-basis:320px\">\n<p class=\"has-small-font-size\" style=\"line-height:1.6\"><strong>Tv\u00e4tt S\u00e5pa<\/strong><\/p>\n\n\n\n<p class=\"has-small-font-size\" style=\"line-height:1.6\">Hantverksm\u00e4ssigt tillverkad av svensk avslemmad, r\u00e5, kallpressad linolja helt utan tillsatser. Tillverkad av Allb\u00e4cks linoljeprodukter, f\u00f6r Byggfabriken. Allb\u00e4ck g\u00f6r linoljeprodukter f\u00f6r f\u00f6nsterrenovering och byggnadsv\u00e5rd best\u00e5ende av avslemmad linolja. Oljan renas efter recept av Johan Conrad Gutle fr\u00e5n 1799. Linet odlas i Sverige. Det mogna linfr\u00f6et pressas utan uppv\u00e4rmning. D\u00e4refter avslemmas och filtreras oljan f\u00f6r att erh\u00e5lla en steril produkt utan f\u00f6roreningar.<\/p>\n\n\n\n<pre class=\"wp-block-preformatted\">K\u00e4lla: <a href=\"https:\/\/www.byggfabriken.se\/farg-ytbehandling\/ytbehandling\/olja-sapa-vax-fernissa\/linsapa-byggfabriken-p412-101+bfab_size-5~liter\">Byggfabriken<\/a><\/pre>\n<\/div>\n<\/div>\n<\/div>\n<\/div>\n\n\n\n<figure class=\"wp-block-embed is-type-video is-provider-youtube wp-block-embed-youtube wp-embed-aspect-16-9 wp-has-aspect-ratio\"><div class=\"wp-block-embed__wrapper\">\n<iframe loading=\"lazy\" title=\"\u00c4ttika 44-4453\" width=\"422\" height=\"750\" src=\"https:\/\/www.youtube.com\/embed\/3UFcfc_92jI?feature=oembed\" frameborder=\"0\" allow=\"accelerometer; autoplay; clipboard-write; encrypted-media; gyroscope; picture-in-picture; web-share\" referrerpolicy=\"strict-origin-when-cross-origin\" allowfullscreen><\/iframe>\n<\/div><\/figure>\n","protected":false},"excerpt":{"rendered":"<p>Toalettpapper \u00c4nglamark MATERIAL: 3-lags papper prim\u00e4rt tillverkat av returpappersmassa. \u00c4ttika Ett allsidigt och naturligt reng\u00f6ringsmedel. Reng\u00f6r, tar bort kalk och bel\u00e4ggningar, neutraliserar d\u00e5lig lukt. Passar lika bra f\u00f6r st\u00e4d och disk som f\u00f6r tv\u00e4tt och tr\u00e4dg\u00e5rd.Kan med f\u00f6rdel kombineras med bikarbonat.\u00a0Flaskan har en barns\u00e4ker kork och \u00e4r tillverkad av biobaserad plast i Sverige. K\u00e4lla: Clas [&hellip;]<\/p>\n","protected":false},"author":3,"featured_media":0,"parent":0,"menu_order":0,"comment_status":"closed","ping_status":"closed","template":"","meta":{"footnotes":""},"class_list":["post-109","page","type-page","status-publish","hentry"],"_links":{"self":[{"href":"https:\/\/xn--hlsoboken-v2a.se\/lodge\/wp-json\/wp\/v2\/pages\/109","targetHints":{"allow":["GET"]}}],"collection":[{"href":"https:\/\/xn--hlsoboken-v2a.se\/lodge\/wp-json\/wp\/v2\/pages"}],"about":[{"href":"https:\/\/xn--hlsoboken-v2a.se\/lodge\/wp-json\/wp\/v2\/types\/page"}],"author":[{"embeddable":true,"href":"https:\/\/xn--hlsoboken-v2a.se\/lodge\/wp-json\/wp\/v2\/users\/3"}],"replies":[{"embeddable":true,"href":"https:\/\/xn--hlsoboken-v2a.se\/lodge\/wp-json\/wp\/v2\/comments?post=109"}],"version-history":[{"count":10,"href":"https:\/\/xn--hlsoboken-v2a.se\/lodge\/wp-json\/wp\/v2\/pages\/109\/revisions"}],"predecessor-version":[{"id":128,"href":"https:\/\/xn--hlsoboken-v2a.se\/lodge\/wp-json\/wp\/v2\/pages\/109\/revisions\/128"}],"wp:attachment":[{"href":"https:\/\/xn--hlsoboken-v2a.se\/lodge\/wp-json\/wp\/v2\/media?parent=109"}],"curies":[{"name":"wp","href":"https:\/\/api.w.org\/{rel}","templated":true}]}}