{"id":380,"date":"2014-09-15T12:11:11","date_gmt":"2014-09-15T10:11:11","guid":{"rendered":"http:\/\/xn--hlsoboken-v2a.se\/demo\/?page_id=380"},"modified":"2014-09-15T12:12:40","modified_gmt":"2014-09-15T10:12:40","slug":"mina-hjalpmedel","status":"publish","type":"page","link":"https:\/\/xn--hlsoboken-v2a.se\/demo\/?page_id=380","title":{"rendered":"Mina hj\u00e4lpmedel"},"content":{"rendered":"<div class=\"panel panel-primary\">\n<div class=\"panel-heading\" style=\"padding-left: 30px;\">H\u00e4lsoboken uppgifter<\/div>\n<div class=\"panel-body\"><strong>Anv\u00e4ndarnamn<\/strong>: demo<\/div>\n<p><!-- Table --><\/p>\n<table class=\"table table-hover\"><!-- On rows (`tr`)--> <!-- On cells (`td` or `th`) --><\/p>\n<tbody>\n<tr>\n<th class=\"active\">\u00c5r<\/th>\n<th class=\"active\">Produkt<\/th>\n<th class=\"active\">Modellbeteckning<\/th>\n<th class=\"active\">YelloTAB ID<\/th>\n<th class=\"active\">Antal problem<\/th>\n<\/tr>\n<tr>\n<td>&#8230;<\/td>\n<td>&#8230;<\/td>\n<td>&#8230;<\/td>\n<td>&#8230;<\/td>\n<td>&#8230;<\/td>\n<\/tr>\n<\/tbody>\n<\/table>\n<hr \/>\n<\/div>\n<div class=\"panel-body\"><\/div>\n<div class=\"panel panel-default\">\n<p><!-- Default panel contents --><\/p>\n<div class=\"panel-body\">\n<p><span style=\"color: #808080;\">H\u00e4r anger du vilka produkter du vill ha support p\u00e5. Genom att l\u00e4gga upp dina produkter h\u00e4r blir det enklare f\u00f6r oss att ge support eftersom vi i f\u00f6rv\u00e4g vet vilka produkter du anv\u00e4nder och vilka problem du har haft tidigare. V\u00e5rt m\u00e5l \u00e4r att se till att du har s\u00e5 f\u00e5 problem med dina produkter som det bara g\u00e5r.<\/span><\/p>\n<p>[gravityform id=&#8221;4&#8243; name=&#8221;Ang YelloTAB Support ID&#8221; ajax=&#8221;true&#8221;]<\/p>\n<\/div>\n<\/div>\n","protected":false},"excerpt":{"rendered":"<p>H\u00e4lsoboken uppgifter Anv\u00e4ndarnamn: demo \u00c5r Produkt Modellbeteckning YelloTAB ID Antal problem &#8230; &#8230; &#8230; &#8230; &#8230; H\u00e4r anger du vilka [&hellip;]<\/p>\n","protected":false},"author":8,"featured_media":0,"parent":0,"menu_order":0,"comment_status":"closed","ping_status":"closed","template":"","meta":{"site-sidebar-layout":"default","site-content-layout":"","ast-site-content-layout":"default","site-content-style":"default","site-sidebar-style":"default","ast-global-header-display":"","ast-banner-title-visibility":"","ast-main-header-display":"","ast-hfb-above-header-display":"","ast-hfb-below-header-display":"","ast-hfb-mobile-header-display":"","site-post-title":"","ast-breadcrumbs-content":"","ast-featured-img":"","footer-sml-layout":"","ast-disable-related-posts":"","theme-transparent-header-meta":"","adv-header-id-meta":"","stick-header-meta":"","header-above-stick-meta":"","header-main-stick-meta":"","header-below-stick-meta":"","astra-migrate-meta-layouts":"default","ast-page-background-enabled":"default","ast-page-background-meta":{"desktop":{"background-color":"var(--ast-global-color-4)","background-image":"","background-repeat":"repeat","background-position":"center center","background-size":"auto","background-attachment":"scroll","background-type":"","background-media":"","overlay-type":"","overlay-color":"","overlay-opacity":"","overlay-gradient":""},"tablet":{"background-color":"","background-image":"","background-repeat":"repeat","background-position":"center center","background-size":"auto","background-attachment":"scroll","background-type":"","background-media":"","overlay-type":"","overlay-color":"","overlay-opacity":"","overlay-gradient":""},"mobile":{"background-color":"","background-image":"","background-repeat":"repeat","background-position":"center center","background-size":"auto","background-attachment":"scroll","background-type":"","background-media":"","overlay-type":"","overlay-color":"","overlay-opacity":"","overlay-gradient":""}},"ast-content-background-meta":{"desktop":{"background-color":"var(--ast-global-color-5)","background-image":"","background-repeat":"repeat","background-position":"center center","background-size":"auto","background-attachment":"scroll","background-type":"","background-media":"","overlay-type":"","overlay-color":"","overlay-opacity":"","overlay-gradient":""},"tablet":{"background-color":"var(--ast-global-color-5)","background-image":"","background-repeat":"repeat","background-position":"center center","background-size":"auto","background-attachment":"scroll","background-type":"","background-media":"","overlay-type":"","overlay-color":"","overlay-opacity":"","overlay-gradient":""},"mobile":{"background-color":"var(--ast-global-color-5)","background-image":"","background-repeat":"repeat","background-position":"center center","background-size":"auto","background-attachment":"scroll","background-type":"","background-media":"","overlay-type":"","overlay-color":"","overlay-opacity":"","overlay-gradient":""}},"footnotes":""},"class_list":["post-380","page","type-page","status-publish","hentry"],"_links":{"self":[{"href":"https:\/\/xn--hlsoboken-v2a.se\/demo\/index.php?rest_route=\/wp\/v2\/pages\/380","targetHints":{"allow":["GET"]}}],"collection":[{"href":"https:\/\/xn--hlsoboken-v2a.se\/demo\/index.php?rest_route=\/wp\/v2\/pages"}],"about":[{"href":"https:\/\/xn--hlsoboken-v2a.se\/demo\/index.php?rest_route=\/wp\/v2\/types\/page"}],"author":[{"embeddable":true,"href":"https:\/\/xn--hlsoboken-v2a.se\/demo\/index.php?rest_route=\/wp\/v2\/users\/8"}],"replies":[{"embeddable":true,"href":"https:\/\/xn--hlsoboken-v2a.se\/demo\/index.php?rest_route=%2Fwp%2Fv2%2Fcomments&post=380"}],"version-history":[{"count":0,"href":"https:\/\/xn--hlsoboken-v2a.se\/demo\/index.php?rest_route=\/wp\/v2\/pages\/380\/revisions"}],"wp:attachment":[{"href":"https:\/\/xn--hlsoboken-v2a.se\/demo\/index.php?rest_route=%2Fwp%2Fv2%2Fmedia&parent=380"}],"curies":[{"name":"wp","href":"https:\/\/api.w.org\/{rel}","templated":true}]}}